alculate the greatest common factor of l and q.
13
Suppose -3*i + p = -0*p + 1, p = 4. What is the greatest common factor of i and 6?
1
Let g = -51 + 150. What is the highest common factor of g and 33?
33
Suppose -d = 3*d - 72. Suppose -5*c + d = -2*c. Calculate the highest common factor of c and 54.
6
Let u be ((-448)/40)/((-4)/30). Calculate the highest common factor of 12 and u.
12
Let l be (-2709)/(-63) - (-2)/(2*1). Calculate the highest common divisor of l and 11.
11
Let y be 1046/8 + (-6)/8. Suppose -i - i + 3*v + 96 = 0, -v = -3*i + y. What is the greatest common divisor of i and 14?
14
Let n = -12 - 7. Let q = 39 + n. Suppose s - 5*x = 5*s - 82, q = s + x. What is the highest common divisor of s and 27?
9
Let q(d) = -d**2 + d - 1. Let z be q(1). Let g be ((-1)/2)/(z/22). What is the highest common factor of 11 and g?
11
Suppose 0 = -2*m - 0*m + 14. Let h = m - 3. Suppose -572 + 138 = -h*w - 2*k, -208 = -2*w - 4*k. Calculate the highest common factor of w and 10.
10
Suppose -2*t + t + 139 = 3*u, 5*u + 2*t = 230. Calculate the highest common divisor of 12 and u.
12
Let d be ((-4)/(-3))/(2*1/42). What is the highest common divisor of 4 and d?
4
Let y(d) = -d**2 - 4*d. Let l be y(-3). Calculate the highest common factor of l and 3.
3
Suppose 0 = z + 3*z. Let t = 4 + z. Calculate the greatest common divisor of t and 2.
2
Let n = 7 + -3. Let d(g) = g**3 - 2*g - g**2 + 2*g**2 - 1 + g. Let b be d(n). What is the greatest common divisor of b and 15?
15
Let b(d) = d**2 - 2*d + 1. Let w be b(2). Suppose 19*q - 20*q = -8. What is the highest common factor of w and q?
1
Suppose 0 = -12*t + 555 + 825. What is the highest common divisor of t and 5?
5
Suppose -11*a = -6*a - 200. Calculate the greatest common factor of 20 and a.
20
Let l be (-100)/6*12/(-10). Suppose 3 = 2*r - 3. Suppose -19 = -4*w - r. Calculate the highest common divisor of w and l.
4
Let k be (0 - 10/2)*-1. What is the greatest common factor of 25 and k?
5
Let z = -7 - -12. Calculate the highest common factor of 10 and z.
5
Let v be (-55)/25 - -2 - (-76)/5. Calculate the greatest common divisor of 165 and v.
15
Let v(y) = -y**3 - 3*y**2 - 5*y - 3. Let f be v(-2). Calculate the greatest common factor of f and 33.
3
Let b = 31 + 4. Suppose 0 = -r + 3*r - 46. Let v = b - r. Calculate the greatest common divisor of v and 96.
12
Let f(w) be the third derivative of -2*w**2 - 13/12*w**4 + 0 + 0*w - 1/2*w**3. Let z be f(-6). What is the greatest common factor of z and 17?
17
Let h(v) = 2*v - 22. Let k be h(14). What is the highest common divisor of 9 and k?
3
Let d(m) = m**2 - m - 6. Let r be d(6). Let x(z) = z**3 - 2*z + 2. Let h be x(2). What is the greatest common factor of h and r?
6
Suppose 0 = 2*a - 0 - 68. Let y(o) = 6*o - 8. Let t be y(7). Calculate the highest common divisor of t and a.
34
Let z = -20 + 31. Let t = z - 17. Let r be 5 + 2/(4/t). What is the highest common divisor of r and 5?
1
Let v = -92 - -53. Let c(i) = -i**3 + 7*i**2 + 10*i - 1. Let a be c(7). Let b = a + v. Calculate the highest common divisor of 12 and b.
6
Suppose 4*u = 11 + 1, u + 1 = 4*n. Let g(c) = 28*c**2 - c + 1. Let s be g(n). Suppose -5*t + 15 + 5 = 0. Calculate the greatest common factor of t and s.
4
Suppose 7 + 32 = 3*u. What is the highest common factor of u and 104?
13
Let y be (-80)/(-6) - (-8)/12. What is the highest common factor of 42 and y?
14
Let x be 6/(-15) + (-1548)/30. Let h = -28 - x. Calculate the greatest common divisor of 6 and h.
6
Suppose 4*f - 3*m + 4 = 0, 3*f = -f + 5*m - 12. Calculate the highest common factor of 16 and f.
2
Suppose -16*y + 10 = -14*y. What is the highest common divisor of 2 and y?
1
Let s be 4/20 - (-27)/15. Suppose 4*v - 4*g + 56 = 0, 0 = -v + s*g - 0*g - 17. Let z = 24 + v. What is the highest common factor of z and 13?
13
Let n = -47 + 94. Suppose -2*i - 2*x = -98, -i = -x + 4*x - n. Calculate the highest common divisor of 10 and i.
10
Suppose -r = -0*r - 2. Suppose r*q - 21 = q. Let n(s) = s + 14. Let w be n(0). Calculate the greatest common divisor of w and q.
7
Suppose 0 = 15*s - 20*s + 525. What is the greatest common divisor of 42 and s?
21
Let d(q) = -2*q + 5*q - 2*q**3 - 3*q**3 + 8*q**2 - 3*q**2. Let o be d(-3). Let k be (38/6)/((-3)/(-9)). What is the greatest common factor of k and o?
19
Suppose 0*s - 10 = -2*s. Suppose 4 = 5*b + v, -s*v + 2*v = 3*b. Calculate the highest common divisor of 3 and b.
1
Let n = 2 + -1. Let q be (12/(-36))/(2/(-66)). What is the highest common divisor of q and n?
1
Suppose 2*r + 3*m - 9 = -r, 5*r + 4*m - 18 = 0. What is the greatest common factor of r and 24?
6
Let g(p) = 2*p**3 + 4*p**2 - 2*p - 4. Let w be g(-3). Let n be (25/(-4))/(2/w). Calculate the greatest common divisor of n and 5.
5
Let d = 44 + -26. Let r(z) = 8*z**2 - z. Let p be r(2). Let a = p - d. Calculate the greatest common factor of a and 12.
12
Let v be 1 + 44 + (-2 - -1). Calculate the greatest common factor of 4 and v.
4
Suppose 241 + 67 = 2*g. Calculate the highest common factor of 22 and g.
22
Let b be (-4)/6*4*3. Let f = -5 - b. Suppose -4*h = -3*k - 117, k - 6*k - 150 = -5*h. Calculate the greatest common divisor of h and f.
3
Suppose -2*x + q = -4, -2*q - 2*q + 36 = 5*x. Let g = -175 - -280. Suppose -x*b = b - g. Calculate the highest common factor of 14 and b.
7
Let k(t) = t**3 + 6*t**2 + 7*t + 4. Let f be k(-4). Let d = 6 + f. What is the highest common factor of 70 and d?
14
Suppose 4*i + 9*p - 238 = 4*p, -5*p = -4*i + 218. What is the highest common factor of 456 and i?
57
Suppose t + 4*y = 7, 2*t - 2*y - 19 = t. What is the greatest common divisor of 60 and t?
15
Let z(i) = -i**2 + 8*i + 1. Let q be z(8). Calculate the greatest common factor of q and 11.
1
Let s = 224 + -114. Suppose 0 = -2*f + 3 - 1. Let t(y) = 9*y**2 + 1. Let b be t(f). Calculate the highest common divisor of b and s.
10
Suppose 4 = b - 20. What is the greatest common factor of b and 12?
12
Let o(f) = f**3 + 2*f**2 - 8*f + 1. Let t be o(-4). Calculate the greatest common factor of 4 and t.
1
Suppose 0 = -2*j - j + 84. Let g be (0 + -3)*-83 + 3. What is the greatest common divisor of j and g?
28
Let s(f) = f + 33. Let m be s(-22). What is the highest common divisor of m and 1?
1
Suppose 6*d - 5 = 19. Suppose -l + 5*l + w - 25 = 0, -5*l - 3*w = -40. Suppose -k + 11 = l. Calculate the greatest common factor of d and k.
2
Suppose 0*h = -3*h. Let l(w) = w + 13. Let v be l(h). Calculate the highest common divisor of v and 91.
13
Let i be (104/2)/(9 + -8). Calculate the highest common divisor of i and 13.
13
Let q = 200 + -83. What is the greatest common factor of 13 and q?
13
Let f be (-4)/(0 - -2) - -5. Suppose -2*p = -f*p + 20. Calculate the highest common factor of 5 and p.
5
Suppose 2*q - 80 = i - 5*i, -q + 3*i + 30 = 0. Calculate the greatest common factor of q and 4.
4
Suppose -5*t + 2*d = -85, -t + 19 = -d - 1. Suppose -4*y + 23 + 21 = 0. Let i = 26 - y. Calculate the highest common factor of i and t.
15
Let r = 24 + 16. Let h(w) = -w**2 - w. Let k be h(-1). Suppose 4*x = 5*p + 52, k = -3*x + 4*p + 25 + 15. What is the greatest common factor of x and r?
8
Suppose -5*n = 4*u - 418, -u = -4*n - 0*u + 326. Suppose 3*c + 2*l - n = 0, -3*c + c = -5*l - 23. What is the greatest common factor of c and 12?
12
Let h be 8*(-3)/6*1. Let y be 4/(-8) + 46/h. Let q be ((-20)/y)/(2/12). What is the highest common divisor of 110 and q?
10
Let y(q) = 4*q**2 + 2*q + 1. Let w be y(-1). Let g be w/((-2)/(564/9)). Let p = -22 - g. Calculate the highest common divisor of p and 9.
9
Suppose 20 = -4*i, -11*i + 9*i = 3*q - 17. Suppose -6*v + 4*v = 5*y - 43, 3*y - 60 = -5*v. Calculate the greatest common divisor of q and v.
9
Suppose 5*v + 6 = 1. Let f be (2/4)/(v/(-16)). Let j be ((-1)/2 + 1)*f. What is the highest common factor of 8 and j?
4
Let a = -11 + -39. Let y be a/(-4)*72/10. What is the highest common divisor of 18 and y?
18
Suppose 0 = 2*g, -5*c + g + 75 = 2*g. What is the greatest common factor of c and 150?
15
Let l be 8*3*35/(-10). Let p = 168 + l. What is the greatest common factor of 28 and p?
28
Let p(m) = -2*m - 20. Let d be p(-11). Let c(s) = -119*s**3 + s**2 + s + 1. Let j be c(-1). Let l be 2/7 + j/21. Calculate the highest common factor of l and d.
2
Let d(k) = 2*k**2 